 - 47)).
48
Calculate 22 - ((0 - -25) + (289 - 315)).
23
(-27 - 3) + (-497 - -598)
71
Evaluate -25 + 34 + (36 + 1 - (-53 - -56)).
43
Evaluate 6 + (-23 - (-10 + -1)) + (-7 - 2).
-15
What is the value of -16 - (11 + -6 + (11 - 96) + -4)?
68
What is the value of -184 - -182 - (12 + -62)?
48
-8 + (-31 - 21) + 71 - (-40 - 1)
52
Evaluate -11 + -18 + (26 - 7) + -1 + 1.
-10
Evaluate (-13 + 28 - 10) + (-4 - -4 - -7) + -54.
-42
Calculate (8 - 5) + (-19 + 26 - 26) + -54.
-70
What is (2 - 29) + (972 - 943)?
2
(3 - 38) + -1 - (-23 + -24 + 43)
-32
What is the value of 26 + (-1 - 24 - -16) + 23?
40
Evaluate 1 + -21 + 44 + (-79 - -33).
-22
What is the value of -4 + -26 + -9 + 69?
30
What is the value of -69 + 134 + (5 - (-4 + 3)) + -25?
46
Evaluate -231 + 109 + -75 + 84.
-113
-21 - -48 - (-9 - (-20 + -74))
-58
Evaluate -24 - (-13 - (-68 + 49)).
-30
Calculate (-86 - (-8 - (-45 + 59))) + (1 - -9).
-54
Evaluate (-45 - (-175 - -49)) + -41.
40
3 + (-14 - 6 - -25) + -45
-37
Calculate -2 + -62 - (166 + 57 + -254).
-33
What is (-122 - -118) + (47 - (2 - 1))?
42
Evaluate -64 + -1 + 9 + -29 + -4 + 20.
-69
What is the value of -33 + 4 - (-6154 + 6250)?
-125
-101 - (-2 + -68) - (76 - -1)
-108
Calculate 2 + -25 - -38 - 12 - 9.
-6
What is (9 + 52 - -9) + 3 + 4 + 4 + -10?
71
Calculate (1 - -1) + 1 + (93 - -29 - 112).
13
Evaluate 134 - (-29 + (94 - 7) - 14).
90
What is the value of -24 + -2 + 18 + (-64 - -15)?
-57
What is the value of 26 + 58 + -73 - (5 - 2)?
8
Calculate 50 - (67 - (55 + -36)).
2
27 + -20 + 9 + 8 + 16
40
-14 + (48 - 54) + (5 + -8 - -3)
-20
What is (84 - 73) + (4 - -6) - 36?
-15
-6 - (1 + 0 - (4 + (-8 - 3) + 67))
53
What is -81 - (9 - (18 - (3 - -12) - -16))?
-71
(2 - -90) + (-127 - 11 - -112)
66
What is the value of 22 + (-11 - (-8 - (9 + -6)) - 2)?
20
Evaluate 48 + (6 - 24) + -35.
-5
What is the value of (2 - (-3 - ((-6 - 48) + 3))) + (89 - 82)?
-39
(34 - -4) + 24 + -88
-26
What is 9 + 34 - (135 - 132)?
40
Evaluate 33 + (44 + (-31 - 4) - -47).
89
Evaluate 77 + -91 - -15 - -22.
23
What is the value of -37 + 1 + 20 + -1 - -32?
15
Evaluate (-14 + -1 + 12 + 84 - -2 - 12) + -14.
57
What is -63880 - -63826 - (-1 - (0 - -37))?
-16
Evaluate 73 + -43 + -45 + 55.
40
What is the value of 21 + 494 + -566 + (-30 - 0)?
-81
What is (3 - 1) + -70 + (30 - -10)?
-28
Evaluate -1 + (-3 + 11 - 21) - -57.
43
What is -3 + -14 + 28 - 75 - 8 - 3?
-75
Calculate 110 + (55 - (8 - -45)).
112
52 + (-78 - 172) + 136
-62
What is the value of (11 + 2 - -10) + -14 + -13 + 27?
23
Calculate -18 + (-2 - (7 - 5)) - (155 + -158).
-19
What is the value of -5 - -2 - (3 + 5 + (-8 - (-1 + -36)))?
-40
Evaluate 15 + -27 - -6 - ((-9 - -7) + -2 - -123).
-125
What is (-4 - -20) + (141 - 122 - 70)?
-35
Evaluate 216 + -223 + 13 + -69 - (0 - -13).
-76
Evaluate -3 + (6 - 2 - (-63 + -53 + 84)).
33
What is 418 + -367 - (41 - -2)?
8
Calculate (-176 - -254 - (11 + 1)) + 3 + (6 - 4).
71
Calculate (-98 - -203) + -55 + 21 + 5.
76
Calculate (-22 + (3 + -7 - -9) - -1) + (2 - 6).
-20
What is the value of (-169 - -73) + -31 - -35?
-92
What is 23 + (19 - 60 - -31) + -94?
-81
(-6 - (2 + -5) - -6) + -6
-3
Evaluate -10 + 2 + -2 + 104 + (17 - 90).
21
What is the value of 326 + -328 + (-2 - 1) - -39?
34
0 + -56 + 97 - 78
-37
Evaluate -5 - (27 + 10 - (0 + -2 - (42 + -30))).
-56
What is the value of (34 - (39 + -9)) + 0 + 42?
46
Calculate 9 + 48 + (266 - 250 - (1 - -22)).
50
(3 - (-3 + -4)) + (61 - (-112 - -303))
-120
Evaluate (237 - 239 - (0 - 5)) + 6 + 32.
41
Calculate -138 + (-113 - -137) + 24.
-90
What is the value of (1 + 0 - 69) + (-59 - 2 - -57) + 0?
-72
What is 31 - ((-3 - -1 - 9) + (22 - (-29 - -41)))?
32
Calculate 87 - (-142 + 146 + 9 + -26 + 2).
98
What is (-1 - 0) + -12 - ((41 - 80) + -9 + 40)?
-5
Calculate -4 + -77 + 149 + -130.
-62
Calculate 18 + -6 + (-1 - 10) + 14 + -48.
-33
What is 10 - (-2 + 5) - (15 - ((-8 - 26) + 16))?
-26
Evaluate 57 - 19 - (-1 - 8 - 9).
56
-13 - (-22 + -14) - (16 + -11 - (3 - 2))
19
What is the value of (-14 - -60) + (55 - 65) + (-1 - -6)?
41
What is the value of 153 + (96 - (-27 + 235))?
41
-1 + -69 - (10266 - 10271)
-65
Calculate 50 - (0 + (-22 - 5) + 53).
24
Calculate (87 - (37 + -5)) + 10.
65
Calculate (2 - 3) + -27 - (-14204 - -14103).
73
What is -3183 + 3252 - (56 + 1)?
12
Evaluate 256 - (325 - 68) - (-8 - 0 - 0).
7
What is the value of 14 - (18 + 1 + -26) - 21?
0
5 + 1 + 267 + -224 - -4
53
Evaluate 7 + 682 + -704 + (20 - (2 - 2)).
5
(-3 - (-13 + 0)) + 2 + -9 + 38 + -3
38
What is the value of 5 - 85 - (-1 + (0 - ((-5 - -15) + -11)))?
-80
What is -62 + (-30 + 24 - -47)?
-21
Evaluate 17 + -29 + 27 - (2 + -3 - 0).
16
What is 3 + -1 + 3 + 45 + 15 + -60 + -42?
-37
Evaluate 65 + -35 + -36 + 53.
47
Evaluate 12 + 0 + 3 - (59 - -5).
-49
What is 70 + 2 + 4 + -28?
48
Calculate -26 - (-5 - 1) - (23 + -17 + (1 - 7)).
-20
Evaluate (13 - 10 - 19 - -44) + (-2 - -10).
36
What is the value of 5 + 19 - ((7 - (4 + 10)) + -31)?
62
What is the value of (-15 - (-41 - 32) - -26) + (0 - 0)?
84
Evaluate -48 + -68 + 17 + 5 + -12.
-106
-204 + 196 - (-4 + -27 + -3)
26
What is -167 + 6 + (7 - (5 - 4)) + 10 + -10?
-155
Evaluate (18 + -1 - (35 + -43 - -15)) + (-18 - -1).
-7
What is the value of 10 + 22 + -26 + -12 + (-95 - -7) + -5?
-99
(-33 - 9) + 34 + -35
-43
Calculate -10 + 3 + (-1 + -61 - (-236 + 225)).
-58
What is the value of (36 - (38 + 23)) + -91 + 12?
-104
What is (1 - -10) + 16 + (2 - (14 + -9))?
24
Evaluate -89 + 210 + -100 + (-1 - 14).
6
Evaluate 0 + (39 - (16 + -3 + 4)).
22
(186 - 212) + (69 - 3) + -160
-120
Evaluate -17 + 74 + 151 + -163.
45
Evaluate 1 - (-18 - -9) - (13 - 13 - 4).
14
Evaluate 42 + 129 + -203 + -54.
-86
Evaluate (-125 - (32 + -61)) + 78.
-18
What is -45 + 29 - 9 - -49?
24
What is the value of -12 + -37 - (2 - (7 + 6 + -3))?
-41
19 - ((-21 - (-16 - -29)) + 8)
45
30 + (-121 - -90) - (1 - -29 - 0)
-31
What is the value of 723 + -708 - (-1 - (-55 + 3))?
-36
13 + -2 + (-8 - 1 - (-23 - -13) - 93)
-81
Calculate -51 + (103 - 43) + -46.
-37
What is the value of (-5 + 10 - 5) + -52 + -3 - (-47 - -43)?
-51
Calculate -20 - (31 - 16 - 0 - 1).
-34
Evaluate 11 + (-2 - (-27 + -15)) + -19.
32
(5 - 4) + -4 + 13 + (37 - -22) + 2
71
-22 - -144 - (15 + 67)
40
Calculate 91 + (-170 - -8) - -161.
90
What is 18 + -30 + -26 - -94 - (0 - 10)?
66
What is -272 - -232 - (-20 - 0)?
-20
49 - (12 + -43 + 72)
8
What is -12 - ((-5 - -12 - 1 - 7) + -146 + 41)?
94
What is -79 - ((13 - 7) + -14 + 4 + -3 + 14)?
-86
Evaluate 27 + 0 + 91 + -231 + 180.
67
Evaluate 78 + (-2 - (-1 + 1 - 4)) + (-251 - -253).
82
What is -21 - (-2 - 2 - (-1 - 23))?
-41
-57 - (-25 + 100 + -155)
23
What is the value of 36 + (13 - (-30 + 57))?
22
What is (-5 + -3 - 12) + 196 + -167?
9
-66 + (-9 + -17 + 8 - 6)
-90
What is -87 + -42 + 95 - 3?
-37
(1 - 50) + (2809 - 2764)
-4
-9 - (-11 + -2 + (7 - 13) + 5)
5
-91 - (43 + 4) - (-33 + 15)
-120
Calculate -40 + 29 - (-4 + 9).
-16
Calculate (28 - 22) + -19 - (13 - 5 - 28) - 115.
-108
What is -128 - (-91 + -97) - 46?
14
-4 - 0 - (20 - (109 + -1 + (-136 - -115)))
63
Evaluate (616 - 638) + (26 - 1) + (-3 - 9) - -4.
-5
Evaluate -79 + (-3 - 1) - (2 + -25 + (-68 - -91)).
-83
Evaluate 132 - (7 + (-1 - 15) + 3).
138
Evaluate 497 + -485 + (-1 - (5 - -23)).
-17
Evaluate -66 + -4 - (2372 + -2535).
93
14 + (-2 - (25 - 5)) + (13 - 0)
5
Calculate (31 - (-3 - 0)) + -2488 + 2473.
19
What is (-2 - (3 - 15)) + (86 - (76 - 14))?
34
What is -16 - (-51 + 22) - (5 - -29 - 6)?
-15
What is (-5 - 0) + -1 + (-32 - (-77 + 15)) + -34?
-10
-1 - (3 + -19) - -19 - 11
23
What is 6 + -6 + 1 - (11 + -5)?
-5
Evaluate 13 - (7 + -30 + 19 + 3).
14
Evaluate 157 - (4 + -18) - 64.
107
Evaluate (-2 - 29 - 114) + 99.
-46
-12 + (10 - (2 - 10)) - 12 - -38
32
Calculate -24 + -5 + 17 + (-23 - -13) - -2.
-20
Evaluate (-2969 - -3007) + -2 + -23.
13
Evaluate (-39 - 272) + 281 - (0 - 106).
76
Calculate 44 + (32 + (-47 - -34) - 31).
32
(234 + -233 - (-21 - 0)) + -22 - 75
-75
Evaluate 9 - ((-481 - -467) + 63 + -2).
-38
Evaluate -2646 + 2669 + 1 + -16 + -4.
4
-136 + -15 + -54 + 106
-99
What is -8 + (57 - 8) - (-4 + -18)?
63
(8 - 16) + 25 + (-16 + 11 - -18)
30
Evaluate -29 - (63 - 64 - (7 - (-3 + 15))).
-33
What is the value of -95 - (-51 - (106 - 154))?
-92
What is the value of (-1 + (5 - 9) - -2) + -4 - (44 + -44)?
-7
Evaluate 1 + 10 + (57 - -11) + -91 - (